NOAA-Style Climate Reports

WeatherLink Software Version 6.0.3
Discontinued 1/31/2017
Select a Year or Month report
2022: Jan Feb Mar Apr May Jun Jul Aug Sep Oct Nov Dec
2021: Jan Feb Mar Apr May Jun Jul Aug Sep Oct Nov Dec
2020: Jan Feb Mar Apr May Jun Jul Aug Sep Oct Nov Dec
2019: Jan Feb Mar Apr May Jun Jul Aug Sep Oct Nov Dec
2018: Jan Feb Mar Apr May Jun Jul Aug Sep Oct Nov Dec
2017: Jan Feb Mar Apr May Jun Jul Aug Sep Oct Nov Dec
2016: Jan Feb Mar Apr May Jun Jul Aug Sep Oct Nov Dec
2015: Jan Feb Mar Apr May Jun Jul Aug Sep Oct Nov Dec
2014: Jan Feb Mar Apr May Jun Jul Aug Sep Oct Nov Dec
2013: Jan Feb Mar Apr May Jun Jul Aug Sep Oct Nov Dec
2012: Jan Feb Mar Apr May Jun Jul Aug Sep Oct Nov Dec
2011: Jan Feb Mar Apr May Jun Jul Aug Sep Oct Nov Dec
2010: Jan Feb Mar Apr May Jun Jul Aug Sep Oct Nov Dec

Report for 2022 January
                   MONTHLY CLIMATOLOGICAL SUMMARY for JAN. 2022

NAME: cvweather_new   CITY: Mechanicsburg   STATE: PA 
ELEV:   439 ft  LAT:  40° 13' 22" N  LONG:  77° 00' 51" W

                   TEMPERATURE (°F), RAIN  (in), WIND SPEED (mph)

                                      HEAT  COOL        AVG
    MEAN                              DEG   DEG         WIND                 DOM
DAY TEMP  HIGH   TIME   LOW    TIME   DAYS  DAYS  RAIN  SPEED HIGH   TIME    DIR
------------------------------------------------------------------------------------
 1  51.1  53.3   1:30p  49.0   4:00a  13.9   0.0  0.54   1.5   8.0   2:25p   ESE
 2  49.9  60.0   1:40p  36.3  12:00m  15.1   0.0  0.03   3.8  22.0   5:00p   WNW
 3  28.8  36.4  12:05a  23.6  11:15p  36.2   0.0  0.00   4.7  21.0  12:25p     N
 4  28.3  36.4   2:30p  19.4   7:15a  36.7   0.0  0.00   2.2  14.0   8:00p   SSE
 5  31.8  38.3   4:05p  28.0   1:20a  33.2   0.0  0.00   2.5  16.0   9:40a   SSE
 6  31.4  35.5   2:05p  25.9   2:35a  33.6   0.0  0.00   2.6  27.0   5:00a     W
 7  24.6  27.5  12:05a  21.7  11:55p  40.4   0.0  0.00   6.8  24.0   7:40p   WNW
 8  22.8  29.9   3:40p  14.4   7:20a  42.1   0.0  0.06   2.2  17.0  12:40a   WNW
 9  30.0  36.6  11:35p  23.0  12:05a  35.0   0.0  0.00   1.6  22.0  11:40p   SSE
10  26.3  35.8  12:05a  22.7   9:15p  37.3   0.0  0.00   6.9  27.0   1:00a    NW
11  18.9  23.3  12:05a  16.0   7:55a  46.1   0.0  0.00   4.5  24.0  12:45a    NW
12  24.8  35.9   3:25p  15.8   7:25a  40.2   0.0  0.03   1.2  12.0   4:20a   SSE
13  33.7  41.3   3:00p  25.3   7:55a  31.3   0.0  0.08   0.8   8.0   2:25p   ENE
14  35.0  39.7   4:10a  22.2  12:00m  29.9   0.0  0.03   6.1  27.0  11:15a   NNW
15  16.0  22.2  12:05a  12.2  12:00m  49.0   0.0  0.00   4.5  19.0   5:25a     N
16  15.9  32.1  12:00m   6.3   5:35a  48.6   0.0  0.05   2.6  21.0  10:30p   ENE
17  33.3  38.2   5:00a  28.3   5:45p  31.7   0.0  0.74   8.2  42.0   1:20a   WSW
18  32.0  36.2   2:35p  23.9  12:00m  33.0   0.0  0.00   6.1  32.0  12:50a   WNW
19  33.1  41.3   2:00p  22.9   1:20a  31.9   0.0  0.00   1.4   9.0   7:35a   SSE
20  30.5  36.6   6:00a  18.7  12:00m  34.5   0.0  0.14   4.8  19.0   2:20p    NW
21  15.7  20.7   4:00p  10.3   7:30a  49.1   0.0  0.00   3.5  15.0   2:35a   NNW
22  16.6  26.8   3:55p   4.7   7:35a  46.9   0.0  0.00   0.9   9.0   2:45p     W
23  26.7  34.5   1:20p  15.5   4:45a  35.8   0.0  0.00   1.3  12.0   2:30p   WSW
24  28.9  34.0   5:25p  21.5   7:45a  36.0   0.0  0.00   2.2  11.0   2:00a   NNE
25  30.5  35.6  12:40p  22.2  11:55p  34.5   0.0  0.00   3.6  19.0   1:35p    NW
26  19.8  26.3   1:50p  12.2   7:30a  45.2   0.0  0.00   2.6  16.0  12:20p     W
27  20.9  32.4   3:20p   6.5   7:25a  43.7   0.0  0.00   1.5  15.0  11:50a   SSE
28  28.7  34.6   1:05p  22.0  12:00m  36.1   0.0  0.00   1.7  20.0  11:55p   NNE
29  18.9  23.3   3:20p  15.3   9:15a  45.0   0.0  0.00   8.5  27.0   3:10p    NW
30  19.7  25.4   3:25p  11.2   6:45a  45.2   0.0  0.00   2.5  17.0   2:50a   WNW
31  25.2  32.7   2:35p  16.9   6:50a  39.8   0.0  0.00   1.8  11.0  11:45a   ENE
-------------------------------------------------------------------------------------
    27.4  60.0     2     4.7    22  1157.0   0.0  1.70   3.4  42.0    17     WNW

Max >=  90.0:  0
Max <=  32.0:  9
Min <=  32.0: 29
Min <=   0.0:  0
Max Rain: 0.74 ON 01/17/22
Days of Rain: 9 (>.01 in) 3 (>.1 in) 0 (>1 in)
Heat Base:  65.0  Cool Base:  65.0  Method: Integration