NOAA-Style Climate Reports

WeatherLink Software Version 6.0.3
Discontinued 1/31/2017
Select a Year or Month report
2022: Jan Feb Mar Apr May Jun Jul Aug Sep Oct Nov Dec
2021: Jan Feb Mar Apr May Jun Jul Aug Sep Oct Nov Dec
2020: Jan Feb Mar Apr May Jun Jul Aug Sep Oct Nov Dec
2019: Jan Feb Mar Apr May Jun Jul Aug Sep Oct Nov Dec
2018: Jan Feb Mar Apr May Jun Jul Aug Sep Oct Nov Dec
2017: Jan Feb Mar Apr May Jun Jul Aug Sep Oct Nov Dec
2016: Jan Feb Mar Apr May Jun Jul Aug Sep Oct Nov Dec
2015: Jan Feb Mar Apr May Jun Jul Aug Sep Oct Nov Dec
2014: Jan Feb Mar Apr May Jun Jul Aug Sep Oct Nov Dec
2013: Jan Feb Mar Apr May Jun Jul Aug Sep Oct Nov Dec
2012: Jan Feb Mar Apr May Jun Jul Aug Sep Oct Nov Dec
2011: Jan Feb Mar Apr May Jun Jul Aug Sep Oct Nov Dec
2010: Jan Feb Mar Apr May Jun Jul Aug Sep Oct Nov Dec

Report for 2022 February
                   MONTHLY CLIMATOLOGICAL SUMMARY for FEB. 2022

NAME: cvweather_new   CITY: Mechanicsburg   STATE: PA 
ELEV:   439 ft  LAT:  40° 13' 22" N  LONG:  77° 00' 51" W

                   TEMPERATURE (°F), RAIN  (in), WIND SPEED (mph)

                                      HEAT  COOL        AVG
    MEAN                              DEG   DEG         WIND                 DOM
DAY TEMP  HIGH   TIME   LOW    TIME   DAYS  DAYS  RAIN  SPEED HIGH   TIME    DIR
------------------------------------------------------------------------------------
 1  28.3  39.2   4:10p  17.1   6:55a  36.7   0.0  0.00   2.5  15.0   3:30p   ESE
 2  35.3  44.2   2:50p  27.4   2:15a  29.7   0.0  0.00   1.7  12.0   1:15p   SSE
 3  40.1  42.9  11:45p  37.9   1:20a  24.9   0.0  1.16   1.4  10.0   6:20p   ESE
 4  32.9  42.7  12:05a  28.4  10:30p  32.1   0.0  0.22   3.9  16.0   6:45p    NW
 5  23.7  28.5  12:05a  17.7  11:45p  41.2   0.0  0.00   5.9  24.0   7:15a    NW
 6  23.9  34.1   3:05p  14.7   7:20a  41.1   0.0  0.00   2.2  14.0  12:30p   ESE
 7  30.9  42.1  12:05p  17.7   6:25a  34.1   0.0  0.00   1.2  10.0  12:35p   ESE
 8  30.5  36.7   1:30p  23.1   6:55a  34.5   0.0  0.00   3.5  20.0  11:05a    NW
 9  36.7  53.1   4:15p  21.0   4:25a  28.3   0.0  0.00   2.4  16.0   4:30p   ESE
10  40.8  52.0  11:55a  29.0  11:55p  24.2   0.0  0.00   2.7  24.0   3:05p    SW
11  43.8  62.0   4:05p  22.4   7:00a  21.1   0.0  0.00   2.5  23.0   2:05p   SSE
12  45.6  51.6  12:00p  36.3  11:45p  19.4   0.0  0.00   4.2  25.0   1:10p    NW
13  29.6  36.4  12:05a  24.3  12:00m  35.4   0.0  0.01   3.6  15.0   1:50p    NW
14  21.3  26.2   4:00p  16.7   6:25a  42.5   0.0  0.00   4.9  20.0  12:25p   WNW
15  24.6  35.2   4:20p  13.6   7:15a  40.4   0.0  0.00   1.7  12.0   1:45p   WSW
16  35.7  48.4   4:15p  22.6   5:55a  29.3   0.0  0.00   3.3  22.0   1:15p   SSE
17  52.5  61.8  12:35p  38.6  12:05a  12.5   0.0  0.44   3.0  22.0   1:10p   SSE
18  40.2  64.0   3:00a  24.7  11:50p  24.8   0.0  0.20   8.8  36.0   8:00a    NW
19  26.7  39.5  12:40p  20.4  12:00m  38.2   0.0  0.00   6.0  44.0  12:55p   WNW
20  27.6  39.2   4:00p  14.0   6:45a  37.4   0.0  0.00   2.5  19.0   2:15p   SSE
21  42.8  61.9   3:40p  23.6   7:25a  22.2   0.0  0.00   1.8  14.0   3:00p   SSE
22  49.8  61.4   7:20p  39.8   7:15a  15.0   0.0  0.08   2.4  32.0   5:30p   SSE
23  52.4  66.5  10:30a  34.2  11:50p  12.6   0.0  0.00   5.6  34.0  11:30a    NW
24  31.0  34.3  12:05a  29.0  12:10p  34.0   0.0  0.00   4.0  14.0   9:10p   NNE
25  34.6  46.4   1:30p  29.4  12:25a  30.4   0.0  0.53   5.8  37.0   2:10p    NW
26  29.9  36.7   4:20p  24.6  12:00m  35.1   0.0  0.00   3.7  18.0  11:00a    NW
27  35.5  49.9   3:15p  18.6   6:35a  29.5   0.0  0.00   4.6  27.0   1:35p    NW
28  34.4  41.3   3:35p  29.6  11:50p  30.6   0.0  0.00   3.5  17.0   2:05a    NW
-------------------------------------------------------------------------------------
    35.0  66.5    23    13.6    15   837.2   0.0  2.64   3.5  44.0    19      NW

Max >=  90.0:  0
Max <=  32.0:  2
Min <=  32.0: 23
Min <=   0.0:  0
Max Rain: 1.16 ON 02/03/22
Days of Rain: 6 (>.01 in) 5 (>.1 in) 1 (>1 in)
Heat Base:  65.0  Cool Base:  65.0  Method: Integration