NOAA-Style Climate Reports

WeatherLink Software Version 6.0.3
Discontinued 1/31/2017
Select a Year or Month report
2022: Jan Feb Mar Apr May Jun Jul Aug Sep Oct Nov Dec
2021: Jan Feb Mar Apr May Jun Jul Aug Sep Oct Nov Dec
2020: Jan Feb Mar Apr May Jun Jul Aug Sep Oct Nov Dec
2019: Jan Feb Mar Apr May Jun Jul Aug Sep Oct Nov Dec
2018: Jan Feb Mar Apr May Jun Jul Aug Sep Oct Nov Dec
2017: Jan Feb Mar Apr May Jun Jul Aug Sep Oct Nov Dec
2016: Jan Feb Mar Apr May Jun Jul Aug Sep Oct Nov Dec
2015: Jan Feb Mar Apr May Jun Jul Aug Sep Oct Nov Dec
2014: Jan Feb Mar Apr May Jun Jul Aug Sep Oct Nov Dec
2013: Jan Feb Mar Apr May Jun Jul Aug Sep Oct Nov Dec
2012: Jan Feb Mar Apr May Jun Jul Aug Sep Oct Nov Dec
2011: Jan Feb Mar Apr May Jun Jul Aug Sep Oct Nov Dec
2010: Jan Feb Mar Apr May Jun Jul Aug Sep Oct Nov Dec

Report for 2022 March
                   MONTHLY CLIMATOLOGICAL SUMMARY for MAR. 2022

NAME: cvweather_new   CITY: Mechanicsburg   STATE: PA 
ELEV:   439 ft  LAT:  40° 13' 22" N  LONG:  77° 00' 51" W

                   TEMPERATURE (°F), RAIN  (in), WIND SPEED (mph)

                                      HEAT  COOL        AVG
    MEAN                              DEG   DEG         WIND                 DOM
DAY TEMP  HIGH   TIME   LOW    TIME   DAYS  DAYS  RAIN  SPEED HIGH   TIME    DIR
------------------------------------------------------------------------------------
 1  40.9  53.6   4:00p  28.2   2:50a  24.1   0.0  0.00   3.0  19.0  10:10p   SSE
 2  47.5  56.8   3:15p  40.2   7:10a  17.5   0.0  0.00   3.1  18.0  12:40a    NW
 3  39.7  49.5   2:45a  26.6  12:00m  25.3   0.0  0.04   7.1  24.0   5:15a    NW
 4  30.1  42.4   3:25p  17.3   7:00a  34.9   0.0  0.00   1.5  12.0   3:40p   WNW
 5  40.2  55.1   3:45p  28.4   2:00a  24.8   0.0  0.00   3.1  21.0   4:05p     E
 6  56.2  73.8   2:45p  39.3   3:40a  11.0   2.2  0.00   3.0  26.0   2:00p    SW
 7  59.9  68.6  12:50p  43.3  11:40p   5.4   0.3  0.22   4.1  39.0  10:20p   SSE
 8  40.1  44.4   3:10p  35.0  11:25p  24.9   0.0  0.00   5.9  30.0   2:55a    NW
 9  34.3  37.3   3:35a  32.7  10:35a  30.7   0.0  0.45   1.6  15.0   8:20a   ENE
10  39.7  49.0   2:05p  28.1   6:45a  25.3   0.0  0.06   1.6  10.0   1:00p    SE
11  45.8  59.1   4:25p  31.3   6:05a  18.8   0.0  0.00   3.5  21.0   3:55p   SSE
12  29.6  46.6  12:05a  19.8  11:25p  35.4   0.0  0.09   8.2  34.0   1:45p    NW
13  26.2  33.7   7:45p  17.3   6:50a  37.1   0.0  0.00   4.2  31.0   1:45a     W
14  41.9  58.8   4:35p  23.9   7:35a  23.1   0.0  0.00   1.5  17.0   5:20p   SSE
15  53.2  70.3   4:00p  34.3   7:25a  12.4   0.5  0.00   1.8  18.0   5:35p   WSW
16  57.0  70.5   3:55p  39.1   7:15a   9.0   1.0  0.00   2.6  18.0   4:00p   SSE
17  54.0  61.9   6:05p  47.5   8:05a  11.0   0.0  0.10   1.9  10.0  11:00a   NNE
18  58.3  74.0   1:45p  38.8   7:40a   8.9   2.2  0.01   2.7  18.0   8:50p   SSE
19  61.8  75.3   3:25p  53.2   7:35a   4.7   1.4  0.27   3.5  26.0   4:10p   SSE
20  50.4  56.0  12:15a  47.9  11:45p  14.6   0.0  0.00   6.4  26.0   3:50p     W
21  54.7  66.2   4:40p  44.7   7:30a  10.4   0.0  0.00   4.5  22.0  12:30a   WNW
22  49.8  54.6   4:00p  41.7   7:50a  15.2   0.0  0.00   1.7  12.0  10:40a     N
23  45.1  48.1   1:20a  41.3  11:55p  19.9   0.0  0.25   5.9  24.0  10:10p   ESE
24  44.3  49.7   4:50p  39.1   4:15a  20.7   0.0  0.09   3.0  18.0  12:05a     E
25  47.7  54.0   3:05p  39.7   7:45a  17.3   0.0  0.01   3.4  22.0   3:30p   WSW
26  43.4  49.4   3:00p  35.1   6:05p  21.5   0.0  0.07   4.6  30.0   4:10p   WSW
27  34.8  39.4  12:15a  27.0  12:00m  30.2   0.0  0.00   8.8  32.0   9:10p   WNW
28  26.4  30.1   1:25p  23.5   5:00a  38.6   0.0  0.00  10.1  34.0   5:10p    NW
29  31.2  42.4   5:35p  22.7   6:50a  33.8   0.0  0.00   6.0  25.0   2:30p    NW
30  37.5  50.8   6:00p  28.1   4:25a  27.4   0.0  0.00   3.8  18.0   1:50p   ESE
31  55.9  73.9   5:00p  39.9   1:15a  10.4   1.5  0.89   4.3  35.0   2:15p   SSE
-------------------------------------------------------------------------------------
    44.4  75.3    19    17.3     4   644.3   9.1  2.55   4.1  39.0     7      NW

Max >=  90.0:  0
Max <=  32.0:  1
Min <=  32.0: 13
Min <=   0.0:  0
Max Rain: 0.89 ON 03/31/22
Days of Rain: 11 (>.01 in) 5 (>.1 in) 0 (>1 in)
Heat Base:  65.0  Cool Base:  65.0  Method: Integration