NOAA-Style Climate Reports

WeatherLink Software Version 6.0.3
Discontinued 1/31/2017
Select a Year or Month report
2022: Jan Feb Mar Apr May Jun Jul Aug Sep Oct Nov Dec
2021: Jan Feb Mar Apr May Jun Jul Aug Sep Oct Nov Dec
2020: Jan Feb Mar Apr May Jun Jul Aug Sep Oct Nov Dec
2019: Jan Feb Mar Apr May Jun Jul Aug Sep Oct Nov Dec
2018: Jan Feb Mar Apr May Jun Jul Aug Sep Oct Nov Dec
2017: Jan Feb Mar Apr May Jun Jul Aug Sep Oct Nov Dec
2016: Jan Feb Mar Apr May Jun Jul Aug Sep Oct Nov Dec
2015: Jan Feb Mar Apr May Jun Jul Aug Sep Oct Nov Dec
2014: Jan Feb Mar Apr May Jun Jul Aug Sep Oct Nov Dec
2013: Jan Feb Mar Apr May Jun Jul Aug Sep Oct Nov Dec
2012: Jan Feb Mar Apr May Jun Jul Aug Sep Oct Nov Dec
2011: Jan Feb Mar Apr May Jun Jul Aug Sep Oct Nov Dec
2010: Jan Feb Mar Apr May Jun Jul Aug Sep Oct Nov Dec

Report for 2022 May
                   MONTHLY CLIMATOLOGICAL SUMMARY for MAY. 2022

NAME: cvweather_new   CITY: Mechanicsburg   STATE: PA 
ELEV:   439 ft  LAT:  40° 13' 22" N  LONG:  77° 00' 51" W

                   TEMPERATURE (°F), RAIN  (in), WIND SPEED (mph)

                                      HEAT  COOL        AVG
    MEAN                              DEG   DEG         WIND                 DOM
DAY TEMP  HIGH   TIME   LOW    TIME   DAYS  DAYS  RAIN  SPEED HIGH   TIME    DIR
------------------------------------------------------------------------------------
 1  52.9  63.1  12:20p  42.7   3:35a  12.1   0.0  0.22   2.1  14.0   4:05p   ESE
 2  61.3  75.6   4:40p  51.3   5:25a   5.8   2.2  0.01   2.2  17.0   5:20p   ESE
 3  59.5  70.8   5:05p  50.3   3:35a   6.2   0.7  0.03   3.4  16.0   6:30p    SE
 4  58.3  71.8   6:55p  50.0   6:40a   7.5   0.8  0.46   3.1  18.0   1:35a   ESE
 5  63.0  73.0   4:00p  54.9   6:25a   3.7   1.7  0.00   2.6  16.0   8:40a   SSE
 6  54.3  61.0  12:05a  48.7  11:55p  10.7   0.0  1.90   4.0  22.0   1:15p   ESE
 7  47.8  50.5  12:00p  44.5   8:05p  17.2   0.0  1.16   5.0  23.0   1:40p   NNE
 8  52.8  63.6   5:15p  44.4   4:50a  12.2   0.0  0.00   3.4  17.0   1:10p   NNE
 9  57.3  73.5   6:15p  39.1   3:25a   9.2   1.5  0.00   1.8  19.0  10:05a   NNE
10  62.1  74.4   4:40p  49.0   5:55a   5.5   2.6  0.00   2.3  16.0  11:40a   ESE
11  63.4  78.0   5:55p  43.6   6:25a   5.5   3.9  0.00   1.7  14.0   8:55a   ESE
12  66.9  78.9   5:45p  52.4   4:10a   3.1   5.0  0.00   2.4  15.0  11:10a   ESE
13  68.0  75.5   3:55p  62.6   2:40a   0.5   3.5  0.06   2.4  15.0   1:05p   ESE
14  69.4  75.3   1:15p  65.0   6:00a   0.0   4.4  0.00   3.3  17.0   1:15p   ESE
15  69.4  81.7   3:25p  64.5   5:45a   0.0   4.4  0.16   1.2  16.0   4:20p   SSE
16  68.3  78.4   2:45p  59.4  11:40p   0.7   4.0  0.34   3.3  25.0   4:25p   SSE
17  66.2  77.8   2:25p  52.7   6:30a   3.1   4.3  0.00   4.8  27.0   5:20p     W
18  61.6  72.6   2:40p  49.0   6:25a   4.7   1.3  0.17   1.9  13.0   1:35p   SSE
19  65.8  80.7   4:55p  54.7   2:00a   4.1   4.9  0.57   2.1  18.0   2:15p   WSW
20  67.3  76.0   1:00p  59.4   5:05a   1.5   3.8  0.24   1.2  22.0   1:40p   ESE
21  78.0  93.9   3:45p  65.3   4:15a   0.0  13.0  0.00   1.4  14.0   6:15p   SSE
22  76.8  90.9   1:40p  68.7   5:20a   0.0  11.8  0.06   2.1  32.0   3:15p     W
23  62.9  69.3  12:05a  56.5   6:05a   2.6   0.5  0.00   3.4  16.0   2:05a   NNW
24  61.4  64.8  10:20a  58.4   6:15a   3.6   0.0  0.00   1.5  15.0   1:00p    SE
25  64.3  72.3   3:30p  55.9   3:45a   2.6   1.9  0.00   3.4  20.0   3:50p   SSE
26  64.5  71.0   3:50p  57.6   6:20a   2.3   1.8  0.00   3.4  15.0   3:40p   SSE
27  69.1  73.1  12:25p  66.1   1:40p   0.0   4.1  0.36   2.5  19.0  12:10p   SSE
28  69.6  78.8   4:50p  62.4   6:00a   0.4   5.1  0.00   3.1  17.0  12:00p     W
29  69.8  82.3   5:05p  55.9   6:15a   1.9   6.7  0.00   1.1  11.0  11:00a   SSE
30  76.5  92.3   6:05p  60.3   5:55a   0.7  12.2  0.00   1.1  10.0   1:20p   SSE
31  81.1  94.0   3:35p  66.3   6:10a   0.0  16.1  0.00   1.9  15.0   3:10p     W
-------------------------------------------------------------------------------------
    64.8  94.0    31    39.1     9   127.4 122.2  5.74   2.6  32.0    22     ESE

Max >=  90.0:  4
Max <=  32.0:  0
Min <=  32.0:  0
Min <=   0.0:  0
Max Rain: 1.90 ON 05/06/22
Days of Rain: 13 (>.01 in) 10 (>.1 in) 2 (>1 in)
Heat Base:  65.0  Cool Base:  65.0  Method: Integration