NOAA-Style Climate Reports

WeatherLink Software Version 6.0.3
Discontinued 1/31/2017
Select a Year or Month report
2022: Jan Feb Mar Apr May Jun Jul Aug Sep Oct Nov Dec
2021: Jan Feb Mar Apr May Jun Jul Aug Sep Oct Nov Dec
2020: Jan Feb Mar Apr May Jun Jul Aug Sep Oct Nov Dec
2019: Jan Feb Mar Apr May Jun Jul Aug Sep Oct Nov Dec
2018: Jan Feb Mar Apr May Jun Jul Aug Sep Oct Nov Dec
2017: Jan Feb Mar Apr May Jun Jul Aug Sep Oct Nov Dec
2016: Jan Feb Mar Apr May Jun Jul Aug Sep Oct Nov Dec
2015: Jan Feb Mar Apr May Jun Jul Aug Sep Oct Nov Dec
2014: Jan Feb Mar Apr May Jun Jul Aug Sep Oct Nov Dec
2013: Jan Feb Mar Apr May Jun Jul Aug Sep Oct Nov Dec
2012: Jan Feb Mar Apr May Jun Jul Aug Sep Oct Nov Dec
2011: Jan Feb Mar Apr May Jun Jul Aug Sep Oct Nov Dec
2010: Jan Feb Mar Apr May Jun Jul Aug Sep Oct Nov Dec

Report for 2022 June
                   MONTHLY CLIMATOLOGICAL SUMMARY for JUN. 2022

NAME: cvweather_new   CITY: Mechanicsburg   STATE: PA 
ELEV:   439 ft  LAT:  40° 13' 22" N  LONG:  77° 00' 51" W

                   TEMPERATURE (°F), RAIN  (in), WIND SPEED (mph)

                                      HEAT  COOL        AVG
    MEAN                              DEG   DEG         WIND                 DOM
DAY TEMP  HIGH   TIME   LOW    TIME   DAYS  DAYS  RAIN  SPEED HIGH   TIME    DIR
------------------------------------------------------------------------------------
 1  81.7  93.0   3:45p  67.6   6:20a   0.0  16.7  0.02   2.0  16.0   3:45p   WSW
 2  71.8  82.7   3:05p  67.2   6:05a   0.0   6.8  0.44   1.7  21.0   3:20p    NW
 3  70.6  80.3   5:55p  63.2  12:00m   0.1   5.7  0.00   4.0  22.0  12:25p    NW
 4  69.6  81.5   4:35p  55.3   5:50a   2.2   6.8  0.00   2.4  15.0  12:40p    NW
 5  67.7  78.1   3:35p  54.6   5:55a   1.8   4.5  0.00   1.5  11.0   9:20a   SSE
 6  69.3  82.1   3:25p  53.5   6:05a   2.5   6.9  0.00   2.5  18.0   1:40p   SSE
 7  67.8  75.0  12:00p  61.7   5:05a   0.4   3.2  0.14   2.5  20.0   1:15p   SSE
 8  72.6  84.4   5:05p  66.1   3:15a   0.0   7.6  0.05   2.1  14.0   9:15a   ESE
 9  70.4  74.9   2:40p  60.3  12:00m   0.2   5.5  0.10   5.1  25.0  11:35a     W
10  67.4  78.2   2:50p  53.1   6:20a   2.8   5.2  0.00   2.0  13.0  10:10a     W
11  63.8  71.2   5:00p  57.3   5:35a   2.3   1.1  0.01   1.1  10.0   3:55p   SSE
12  66.4  77.6   3:05p  57.8   1:40a   2.3   3.7  0.09   1.1  13.0  12:10p   SSE
13  77.4  90.1   4:25p  65.9   4:00a   0.0  12.4  0.02   1.5  12.0   5:20p     W
14  73.5  82.8   6:30p  65.2  11:00a   0.0   8.5  0.55   1.4   9.0   5:45a   NNE
15  77.0  89.0   3:25p  63.4   6:20a   0.1  12.1  0.00   1.7  15.0  10:55p   SSE
16  74.8  82.2   6:25p  68.2  10:05a   0.0   9.8  0.06   3.5  21.0   9:40a   SSE
17  80.0  89.7   2:10p  69.3   5:05a   0.0  15.0  0.00   4.6  25.0   2:35p    NW
18  68.2  74.4   5:20p  61.9  10:45a   0.3   3.5  0.00   7.1  27.0   8:20a    NW
19  65.8  77.3   6:35p  54.8   6:05a   2.7   3.6  0.00   5.1  22.0   3:35p    NW
20  68.0  80.6   5:00p  50.6   4:40a   2.9   5.9  0.00   2.0  13.0   4:10p     W
21  72.4  84.8   4:45p  60.2   4:00a   0.7   8.1  0.00   1.2  12.0  11:55a   SSE
22  72.4  82.0   2:50p  65.4  11:15p   0.0   7.4  0.82   2.2  22.0   7:15p   ESE
23  65.3  68.5   7:05p  63.1   9:10a   0.5   0.7  0.08   2.6  13.0   1:00a   ESE
24  71.0  83.1   4:50p  63.0   4:05a   0.4   6.4  0.02   0.8   7.0  12:50p   SSE
25  77.9  91.2   5:25p  64.6   5:50a   0.0  12.9  0.00   1.1  10.0   9:40p   SSE
26  76.1  87.9   2:10p  70.7  11:55p   0.0  11.1  1.18   2.0  15.0   1:50p   SSE
27  74.0  82.5   5:30p  67.7  12:00m   0.0   9.0  0.16   2.6  15.0   4:30p    NW
28  69.7  80.0   6:20p  57.5   6:20a   1.1   5.8  0.00   1.8  12.0   1:25p     W
29  73.2  86.8   5:10p  56.6   6:00a   1.6   9.7  0.00   1.3  16.0   2:50p     W
30  75.7  89.9   5:45p  58.9   5:50a   1.0  11.7  0.00   0.9   9.0   2:15p   SSE
-------------------------------------------------------------------------------------
    71.7  93.0     1    50.6    20    25.9 227.3  3.74   2.4  27.0    18     SSE

Max >=  90.0:  3
Max <=  32.0:  0
Min <=  32.0:  0
Min <=   0.0:  0
Max Rain: 1.18 ON 06/26/22
Days of Rain: 14 (>.01 in) 6 (>.1 in) 1 (>1 in)
Heat Base:  65.0  Cool Base:  65.0  Method: Integration