NOAA-Style Climate Reports

WeatherLink Software Version 6.0.3
Discontinued 1/31/2017
Select a Year or Month report
2022: Jan Feb Mar Apr May Jun Jul Aug Sep Oct Nov Dec
2021: Jan Feb Mar Apr May Jun Jul Aug Sep Oct Nov Dec
2020: Jan Feb Mar Apr May Jun Jul Aug Sep Oct Nov Dec
2019: Jan Feb Mar Apr May Jun Jul Aug Sep Oct Nov Dec
2018: Jan Feb Mar Apr May Jun Jul Aug Sep Oct Nov Dec
2017: Jan Feb Mar Apr May Jun Jul Aug Sep Oct Nov Dec
2016: Jan Feb Mar Apr May Jun Jul Aug Sep Oct Nov Dec
2015: Jan Feb Mar Apr May Jun Jul Aug Sep Oct Nov Dec
2014: Jan Feb Mar Apr May Jun Jul Aug Sep Oct Nov Dec
2013: Jan Feb Mar Apr May Jun Jul Aug Sep Oct Nov Dec
2012: Jan Feb Mar Apr May Jun Jul Aug Sep Oct Nov Dec
2011: Jan Feb Mar Apr May Jun Jul Aug Sep Oct Nov Dec
2010: Jan Feb Mar Apr May Jun Jul Aug Sep Oct Nov Dec

Report for 2022 July
                   MONTHLY CLIMATOLOGICAL SUMMARY for JUL. 2022

NAME: cvweather_new   CITY: Mechanicsburg   STATE: PA 
ELEV:   439 ft  LAT:  40° 13' 22" N  LONG:  77° 00' 51" W

                   TEMPERATURE (°F), RAIN  (in), WIND SPEED (mph)

                                      HEAT  COOL        AVG
    MEAN                              DEG   DEG         WIND                 DOM
DAY TEMP  HIGH   TIME   LOW    TIME   DAYS  DAYS  RAIN  SPEED HIGH   TIME    DIR
------------------------------------------------------------------------------------
 1  78.9  89.2   2:20p  66.1   6:35a   0.0  13.9  0.00   1.1  14.0   4:50p   SSE
 2  79.2  90.2   5:50p  71.7   7:10a   0.0  14.2  0.01   1.9  13.0   3:05p     W
 3  78.2  87.5   5:20p  70.6  12:00m   0.0  13.2  0.00   2.4  14.0   3:10p    NW
 4  74.4  86.2   5:35p  57.7   6:25a   1.0  10.4  0.00   0.9  10.0   3:10p   SSE
 5  75.9  82.2   7:05p  68.5   3:20a   0.0  10.9  0.13   1.2  11.0   9:50a   SSE
 6  78.8  86.5   3:55p  71.6   5:30a   0.0  13.8  0.00   2.0  13.0  10:00a     W
 7  75.2  82.8   4:00p  67.8   2:55a   0.0  10.2  0.08   1.5  11.0   1:25p   SSE
 8  77.9  87.1   4:30p  70.4   6:15a   0.0  12.9  0.00   0.9   8.0   1:00p   SSE
 9  74.4  78.2  11:45a  67.9  12:00m   0.0   9.4  0.00   1.7  13.0  12:00p   SSE
10  73.6  86.9   5:10p  61.1   5:15a   0.5   9.0  0.00   1.6  11.0  11:05a   SSE
11  75.3  86.0   2:40p  63.0   6:20a   0.1  10.4  0.00   1.5  13.0   2:55p   SSE
12  74.5  91.7   1:55p  64.6   6:20a   0.0   9.5  0.47   1.0  16.0   1:05p   SSE
13  76.7  90.8   4:10p  67.1   4:35a   0.0  11.7  0.12   1.3  18.0   7:50p   SSE
14  75.8  86.7   5:45p  64.8   5:45a   0.0  10.8  0.01   1.8  15.0   6:50p     W
15  75.6  88.3   4:15p  62.0   6:15a   0.3  10.9  0.00   1.2  12.0  12:30p   WSW
16  71.3  82.6   2:30p  64.6   3:10a   0.0   6.3  0.00   1.8  15.0   4:10p   ESE
17  72.9  79.7   7:20p  67.9   2:50a   0.0   7.9  0.18   1.1  10.0  11:40a   SSE
18  76.5  87.3   5:45p  69.8   3:41a   0.0  11.5  0.29   1.4  12.0   8:25p   SSE
19  79.9  92.2   5:10p  67.5   5:20a   0.0  14.9  0.00   2.0  14.0  12:45p     W
20  81.2  92.1   4:15p  68.3   6:05a   0.0  16.2  0.00   1.2  12.0   4:55p   SSE
21  83.8  94.2   4:20p  74.2   6:30a   0.0  18.8  0.00   2.2  15.0  11:50a   WSW
22  84.0  96.3   4:50p  70.6   6:20a   0.0  19.0  0.00   1.6  15.0   4:55p   WSW
23  82.6  95.7   3:15p  72.7   6:00a   0.0  17.6  0.00   1.6  18.0   7:40p   SSE
24  81.0  94.6   4:15p  66.7   6:20a   0.0  16.0  0.00   1.1  13.0   4:45p   SSE
25  80.4  90.6   4:35p  75.5  12:00m   0.0  15.4  0.03   0.9  12.0   3:40p     W
26  74.0  79.8   4:10p  68.3   6:05a   0.0   9.0  0.00   0.9   7.0  10:05a   SSE
27  77.0  84.8  12:40p  69.2   6:00a   0.0  12.0  0.20   0.9  10.0   3:45p   SSE
28  78.6  93.4   4:15p  70.5   6:15a   0.0  13.6  0.09   1.3  15.0   1:45p     W
29  72.1  78.3   1:40p  69.3   3:45a   0.0   7.1  0.03   0.6  10.0   2:50p    NW
30  76.6  87.7   4:55p  64.4   6:45a   0.0  11.6  0.00   2.7  17.0   2:30p     W
31  71.4  84.9   3:00p  61.4   6:15a   0.4   6.7  0.68   0.9  10.0  10:15a   SSE
-------------------------------------------------------------------------------------
    77.0  96.3    22    57.7     4     2.3 374.8  2.32   1.4  18.0    13     SSE

Max >=  90.0: 11
Max <=  32.0:  0
Min <=  32.0:  0
Min <=   0.0:  0
Max Rain: 0.68 ON 07/31/22
Days of Rain: 11 (>.01 in) 7 (>.1 in) 0 (>1 in)
Heat Base:  65.0  Cool Base:  65.0  Method: Integration