NOAA-Style Climate Reports

WeatherLink Software Version 6.0.3
Discontinued 1/31/2017
Select a Year or Month report
2022: Jan Feb Mar Apr May Jun Jul Aug Sep Oct Nov Dec
2021: Jan Feb Mar Apr May Jun Jul Aug Sep Oct Nov Dec
2020: Jan Feb Mar Apr May Jun Jul Aug Sep Oct Nov Dec
2019: Jan Feb Mar Apr May Jun Jul Aug Sep Oct Nov Dec
2018: Jan Feb Mar Apr May Jun Jul Aug Sep Oct Nov Dec
2017: Jan Feb Mar Apr May Jun Jul Aug Sep Oct Nov Dec
2016: Jan Feb Mar Apr May Jun Jul Aug Sep Oct Nov Dec
2015: Jan Feb Mar Apr May Jun Jul Aug Sep Oct Nov Dec
2014: Jan Feb Mar Apr May Jun Jul Aug Sep Oct Nov Dec
2013: Jan Feb Mar Apr May Jun Jul Aug Sep Oct Nov Dec
2012: Jan Feb Mar Apr May Jun Jul Aug Sep Oct Nov Dec
2011: Jan Feb Mar Apr May Jun Jul Aug Sep Oct Nov Dec
2010: Jan Feb Mar Apr May Jun Jul Aug Sep Oct Nov Dec

Report for 2022 August
                   MONTHLY CLIMATOLOGICAL SUMMARY for AUG. 2022

NAME: cvweather_new   CITY: Mechanicsburg   STATE: PA 
ELEV:   439 ft  LAT:  40° 13' 22" N  LONG:  77° 00' 51" W

                   TEMPERATURE (°F), RAIN  (in), WIND SPEED (mph)

                                      HEAT  COOL        AVG
    MEAN                              DEG   DEG         WIND                 DOM
DAY TEMP  HIGH   TIME   LOW    TIME   DAYS  DAYS  RAIN  SPEED HIGH   TIME    DIR
------------------------------------------------------------------------------------
 1  72.4  83.6   4:10p  64.5   4:10a   0.0   7.5  0.10   1.0  10.0   5:20p   SSE
 2  79.3  89.4   6:05p  68.8   5:55a   0.0  14.3  0.01   2.3  16.0  11:25a     W
 3  78.9  91.3   3:10p  65.4   6:40a   0.0  13.9  0.00   1.1  12.0   1:45p   SSE
 4  77.7  94.6   3:50p  68.9   4:30p   0.0  12.7  0.86   1.3  44.0   4:10p   SSE
 5  77.1  90.0   4:10p  69.0   5:40a   0.0  12.1  0.01   0.8   9.0   8:55p   SSE
 6  78.3  88.3   4:40p  71.5   6:30a   0.0  13.3  0.00   1.1  11.0   3:40p   SSE
 7  82.0  92.4   4:20p  72.3   6:45a   0.0  17.0  0.00   1.4  13.0   2:50p   SSE
 8  83.3  95.1   3:45p  72.1   6:30a   0.0  18.3  0.00   1.1  12.0   3:10p   SSE
 9  81.9  94.4   1:35p  74.4   6:45a   0.0  16.9  0.19   1.5  27.0   1:55p   WSW
10  78.3  85.7   4:35p  72.3   6:20a   0.0  13.3  0.00   1.8  12.0   4:15p    NW
11  78.2  87.2   4:30p  70.8   7:40a   0.0  13.2  0.00   3.4  14.0   4:55p     W
12  74.2  83.4   5:40p  63.3   6:55a   0.1   9.3  0.00   3.0  16.0  11:20a   NNW
13  70.2  83.8   4:05p  54.0   6:40a   2.1   7.3  0.00   1.4  12.0   2:35p   NNW
14  72.2  84.8   3:10p  59.6   6:20a   0.7   7.8  0.00   1.3  14.0   2:50p   SSE
15  67.8  75.1   3:55p  63.4   8:50a   0.2   3.0  0.22   0.9   8.0  10:00a   SSE
16  72.0  83.4   5:00p  61.9   7:05a   0.5   7.5  0.00   1.8  18.0   2:35p   WSW
17  67.5  82.2   2:40p  59.0   6:15a   1.2   3.8  0.02   1.1  15.0   3:25p   WSW
18  71.3  85.8   5:25p  58.1   6:25a   1.8   8.1  0.01   1.4  15.0   3:30p   WSW
19  75.4  89.1   2:45p  59.9   6:25a   0.8  11.2  0.00   1.3  11.0   7:50p   SSE
20  79.5  91.0   2:20p  69.6   6:25a   0.0  14.5  0.00   1.6  12.0   2:30p   SSE
21  74.4  83.1  12:15p  70.6  11:55p   0.0   9.4  0.16   1.8  17.0  12:50p   SSE
22  75.3  87.2   3:30p  70.1   1:40a   0.0  10.3  0.03   1.0  11.0   4:40p   SSE
23  74.4  83.9   3:45p  65.3   5:25a   0.0   9.4  0.00   2.3  16.0   6:00p     W
24  75.3  86.9   4:45p  64.4   6:55a   0.0  10.3  0.00   2.0  13.0  12:10p   WSW
25  77.4  91.8   4:05p  63.4   6:55a   0.1  12.5  0.00   1.3  14.0   7:55p   SSE
26  78.2  89.5   4:55p  67.5   7:00a   0.0  13.2  0.14   1.3  13.0   6:10p   WSW
27  77.4  86.4   3:10p  69.4   5:25a   0.0  12.4  0.00   1.7  10.0  12:50p   NNW
28  76.2  87.4   4:20p  63.5   6:05a   0.1  11.3  0.00   2.0  15.0   3:20p   SSE
29  81.1  92.8   4:20p  73.2   3:30a   0.0  16.1  0.00   2.3  17.0   5:10p   SSE
30  75.9  90.3   1:30p  69.6  11:55p   0.0  10.9  0.92   1.5  24.0   3:40p   SSE
31  72.0  81.7   3:05p  62.5   7:00a   0.2   7.2  0.00   2.7  21.0  12:40p    NW
-------------------------------------------------------------------------------------
    76.0  95.1     8    54.0    13     7.8 348.0  2.67   1.6  44.0     4     SSE

Max >=  90.0: 10
Max <=  32.0:  0
Min <=  32.0:  0
Min <=   0.0:  0
Max Rain: 0.92 ON 08/30/22
Days of Rain: 9 (>.01 in) 6 (>.1 in) 0 (>1 in)
Heat Base:  65.0  Cool Base:  65.0  Method: Integration