NOAA-Style Climate Reports

WeatherLink Software Version 6.0.3
Discontinued 1/31/2017
Select a Year or Month report
2023: Jan Feb Mar Apr May Jun Jul Aug Sep Oct Nov Dec
2022: Jan Feb Mar Apr May Jun Jul Aug Sep Oct Nov Dec
2021: Jan Feb Mar Apr May Jun Jul Aug Sep Oct Nov Dec
2020: Jan Feb Mar Apr May Jun Jul Aug Sep Oct Nov Dec
2019: Jan Feb Mar Apr May Jun Jul Aug Sep Oct Nov Dec
2018: Jan Feb Mar Apr May Jun Jul Aug Sep Oct Nov Dec
2017: Jan Feb Mar Apr May Jun Jul Aug Sep Oct Nov Dec
2016: Jan Feb Mar Apr May Jun Jul Aug Sep Oct Nov Dec
2015: Jan Feb Mar Apr May Jun Jul Aug Sep Oct Nov Dec
2014: Jan Feb Mar Apr May Jun Jul Aug Sep Oct Nov Dec
2013: Jan Feb Mar Apr May Jun Jul Aug Sep Oct Nov Dec
2012: Jan Feb Mar Apr May Jun Jul Aug Sep Oct Nov Dec
2011: Jan Feb Mar Apr May Jun Jul Aug Sep Oct Nov Dec
2010: Jan Feb Mar Apr May Jun Jul Aug Sep Oct Nov Dec

Report for 2022 April
                   MONTHLY CLIMATOLOGICAL SUMMARY for APR. 2022

NAME: cvweather_new   CITY: Mechanicsburg   STATE: PA 
ELEV:   439 ft  LAT:  40° 13' 22" N  LONG:  77° 00' 51" W

                   TEMPERATURE (°F), RAIN  (in), WIND SPEED (mph)

                                      HEAT  COOL        AVG
    MEAN                              DEG   DEG         WIND                 DOM
DAY TEMP  HIGH   TIME   LOW    TIME   DAYS  DAYS  RAIN  SPEED HIGH   TIME    DIR
------------------------------------------------------------------------------------
 1  48.0  57.0  12:05a  40.5  12:00m  17.0   0.0  0.07   7.2  30.0   3:00p     W
 2  44.0  53.1   5:05p  37.0   7:10a  21.0   0.0  0.00   4.1  24.0   2:05a    NW
 3  44.9  50.7  10:45a  39.0  11:50p  20.1   0.0  0.00   5.5  29.0   3:50p   WNW
 4  43.7  52.7   4:15p  34.4   6:15a  21.3   0.0  0.00   2.6  15.0   1:10a   WNW
 5  47.9  58.0   2:40p  39.1   1:50a  17.0   0.0  0.22   2.8  14.0  11:10p   ESE
 6  52.0  58.5   5:55p  45.9   1:50a  13.0   0.0  0.40   4.5  19.0  11:30p   ESE
 7  48.5  52.8  12:05a  46.6  10:40p  16.5   0.0  0.78   4.0  21.0  12:10a   ESE
 8  48.6  59.7   1:50p  41.9   7:25a  16.3   0.0  0.10   2.7  25.0   5:50p   WSW
 9  45.4  54.6   5:25p  41.4   7:30a  19.6   0.0  0.20   2.7  18.0  12:40p     W
10  42.8  47.8   5:40p  38.2   5:10a  22.2   0.0  0.00   5.8  29.0   1:25p   WNW
11  48.0  62.3   6:20p  30.4   6:50a  17.0   0.0  0.00   2.3  16.0   2:40p   SSE
12  61.0  76.0   5:05p  48.6   7:20a   6.5   2.5  0.00   1.7  13.0  10:25a   NNE
13  67.3  79.4   5:00p  55.1   6:30a   2.9   5.3  0.00   2.4  13.0   8:15a   SSE
14  66.3  80.2  11:20a  52.2  12:00m   2.4   3.8  0.00   3.9  30.0   2:50p   WNW
15  57.8  71.2   4:40p  39.3   6:30a   8.2   1.1  0.00   3.0  23.0   5:45p   SSE
16  59.8  70.4   1:40p  49.7  11:10p   6.0   0.8  0.00   3.3  19.0   6:30p   SSE
17  45.2  50.4  12:05a  40.0  12:00m  19.8   0.0  0.00   4.4  22.0  12:05p   WNW
18  36.7  43.4  12:40p  31.6   4:35a  28.3   0.0  0.73   3.2  22.0  10:40a   ESE
19  40.4  46.9   2:50p  33.4  12:20a  24.6   0.0  0.19   6.2  30.0   3:10p   WSW
20  47.7  60.2   6:00p  34.4   6:05a  17.3   0.0  0.00   2.8  17.0  10:10a     W
21  51.8  58.6  12:00p  43.9   6:35a  13.2   0.0  0.02   2.1  17.0  12:05p   SSE
22  57.0  67.9   5:35p  41.6   5:00a   8.4   0.4  0.00   2.5  15.0  11:45a     W
23  58.0  65.9   5:35p  53.2   7:15a   7.0   0.0  0.00   3.2  16.0   5:00p     E
24  62.8  77.9   5:45p  48.8   6:40a   5.5   3.3  0.00   3.8  17.0   8:15p   ESE
25  56.3  63.9   6:35p  50.6   7:45a   8.7   0.0  0.00   5.3  22.0   7:05p   ESE
26  56.8  60.1   2:10p  53.5  12:00m   8.2   0.0  0.04   2.7  20.0  11:50p   WNW
27  45.8  53.5  12:05a  37.1  12:00m  19.2   0.0  0.00   8.5  27.0   8:30a    NW
28  45.8  58.0   6:15p  35.6   6:00a  19.2   0.0  0.00   6.0  22.0   2:20p    NW
29  51.2  64.0   6:10p  34.8   6:25a  13.8   0.0  0.00   3.6  16.0   2:00p    NW
30  54.3  69.8   4:25p  33.9   6:20a  11.2   0.6  0.00   1.4  12.0  11:50a    SW
-------------------------------------------------------------------------------------
    51.2  80.2    14    30.4    11   431.4  17.8  2.75   3.8  30.0     1      NW

Max >=  90.0:  0
Max <=  32.0:  0
Min <=  32.0:  2
Min <=   0.0:  0
Max Rain: 0.78 ON 04/07/22
Days of Rain: 10 (>.01 in) 6 (>.1 in) 0 (>1 in)
Heat Base:  65.0  Cool Base:  65.0  Method: Integration