NOAA-Style Climate Reports

WeatherLink Software Version 6.0.3
Discontinued 1/31/2017
Select a Year or Month report
2023: Jan Feb Mar Apr May Jun Jul Aug Sep Oct Nov Dec
2022: Jan Feb Mar Apr May Jun Jul Aug Sep Oct Nov Dec
2021: Jan Feb Mar Apr May Jun Jul Aug Sep Oct Nov Dec
2020: Jan Feb Mar Apr May Jun Jul Aug Sep Oct Nov Dec
2019: Jan Feb Mar Apr May Jun Jul Aug Sep Oct Nov Dec
2018: Jan Feb Mar Apr May Jun Jul Aug Sep Oct Nov Dec
2017: Jan Feb Mar Apr May Jun Jul Aug Sep Oct Nov Dec
2016: Jan Feb Mar Apr May Jun Jul Aug Sep Oct Nov Dec
2015: Jan Feb Mar Apr May Jun Jul Aug Sep Oct Nov Dec
2014: Jan Feb Mar Apr May Jun Jul Aug Sep Oct Nov Dec
2013: Jan Feb Mar Apr May Jun Jul Aug Sep Oct Nov Dec
2012: Jan Feb Mar Apr May Jun Jul Aug Sep Oct Nov Dec
2011: Jan Feb Mar Apr May Jun Jul Aug Sep Oct Nov Dec
2010: Jan Feb Mar Apr May Jun Jul Aug Sep Oct Nov Dec

Report for 2022 September
                   MONTHLY CLIMATOLOGICAL SUMMARY for SEP. 2022

NAME: cvweather_new   CITY: Mechanicsburg   STATE: PA 
ELEV:   439 ft  LAT:  40° 13' 22" N  LONG:  77° 00' 51" W

                   TEMPERATURE (°F), RAIN  (in), WIND SPEED (mph)

                                      HEAT  COOL        AVG
    MEAN                              DEG   DEG         WIND                 DOM
DAY TEMP  HIGH   TIME   LOW    TIME   DAYS  DAYS  RAIN  SPEED HIGH   TIME    DIR
------------------------------------------------------------------------------------
 1  73.3  85.2   4:15p  62.3   5:05a   0.4   8.8  0.00   2.6  19.0  12:00p    NW
 2  71.7  83.7   5:20p  60.0   6:35a   0.9   7.6  0.00   1.8  12.0   9:40a   ESE
 3  75.5  86.7   5:40p  65.9   7:10a   0.0  10.5  0.00   1.6  11.0   1:20p   SSE
 4  78.4  90.7   4:35p  67.3   7:00a   0.0  13.4  0.00   1.1   8.0   3:50p   SSE
 5  72.1  76.7  12:05a  69.6   7:10p   0.0   7.1  0.89   0.9  16.0   6:15p   SSE
 6  73.3  82.0   4:40p  68.7   7:15a   0.0   8.3  1.66   1.9  13.0   1:25p   NNW
 7  67.7  70.8  12:05a  65.8  12:00m   0.0   2.7  0.31   1.5  10.0  12:05a   ESE
 8  70.7  80.6   5:20p  64.6   6:45a   0.0   5.7  0.00   1.1  14.0   3:45p   NNW
 9  70.7  81.7   2:50p  58.9   7:15a   1.1   6.8  0.00   1.3  14.0   2:05p   SSE
10  68.4  77.4   2:45p  57.9   7:10a   1.4   4.8  0.01   0.7  10.0  10:55a   SSE
11  67.2  69.8   4:00p  64.1   5:35a   0.1   2.2  0.52   1.6  11.0   4:45p   ESE
12  72.0  82.8   2:25p  66.6  12:05a   0.0   7.0  0.00   1.0  11.0   6:30p   ESE
13  71.1  79.7   2:15p  63.0  12:00m   0.1   6.2  0.00   2.5  22.0   3:50p     W
14  66.4  76.8   4:00p  55.5   6:15a   2.5   3.9  0.00   2.1  15.0   2:10p     W
15  65.6  73.2   4:45p  55.5  12:00m   1.5   2.1  0.00   1.9  14.0   9:05a   NNW
16  62.7  79.3   4:25p  49.2   7:00a   5.8   3.6  0.00   0.9   8.0  11:50a    NW
17  67.1  81.4   3:05p  52.9   7:05a   3.6   5.6  0.00   1.0  10.0   1:45p   SSE
18  71.3  85.4   4:10p  58.1   7:05a   1.3   7.6  0.00   0.8  11.0   3:40p   WSW
19  69.9  81.9  12:05p  61.6   7:05a   0.5   5.4  0.00   1.0  15.0  12:35p   WSW
20  70.6  79.4   3:30p  63.1   7:10a   0.1   5.8  0.00   2.5  17.0  12:10p    NW
21  69.7  82.9   3:15p  55.8   6:50a   2.2   6.9  0.00   0.7  11.0   1:30p   SSE
22  65.6  70.9   1:50p  56.2  10:00p   1.5   2.1  0.08   4.3  29.0   1:55p    NW
23  56.3  65.0   4:55p  50.0   6:10a   8.7   0.0  0.00   5.3  23.0   1:25p    NW
24  57.4  70.9   4:05p  45.7   7:20a   8.4   0.8  0.00   1.1  12.0   1:40p     W
25  59.8  69.3   5:35p  55.0   7:10a   5.4   0.2  0.11   0.9  11.0   1:40p   SSE
26  62.0  72.5   3:25p  52.7   7:30a   4.8   1.8  0.00   1.4  19.0  11:40a   WSW
27  56.9  66.6   1:35p  50.3   6:30a   8.1   0.1  0.01   1.6  17.0   1:45p   WSW
28  56.2  67.0   5:10p  42.8   6:15a   8.9   0.2  0.00   2.3  13.0   1:30p    NW
29  57.3  64.1   3:20p  51.4   7:10a   7.7   0.0  0.00   3.2  18.0  11:50a   NNW
30  52.9  60.0   3:10p  42.7   7:25a  12.1   0.0  0.01   1.1  11.0   3:50p   NNE
-------------------------------------------------------------------------------------
    66.7  90.7     4    42.7    30    87.1 137.2  3.60   1.7  29.0    22     SSE

Max >=  90.0:  1
Max <=  32.0:  0
Min <=  32.0:  0
Min <=   0.0:  0
Max Rain: 1.66 ON 09/06/22
Days of Rain: 6 (>.01 in) 5 (>.1 in) 1 (>1 in)
Heat Base:  65.0  Cool Base:  65.0  Method: Integration