NOAA-Style Climate Reports

WeatherLink Software Version 6.0.3
Discontinued 1/31/2017
Select a Year or Month report
2023: Jan Feb Mar Apr May Jun Jul Aug Sep Oct Nov Dec
2022: Jan Feb Mar Apr May Jun Jul Aug Sep Oct Nov Dec
2021: Jan Feb Mar Apr May Jun Jul Aug Sep Oct Nov Dec
2020: Jan Feb Mar Apr May Jun Jul Aug Sep Oct Nov Dec
2019: Jan Feb Mar Apr May Jun Jul Aug Sep Oct Nov Dec
2018: Jan Feb Mar Apr May Jun Jul Aug Sep Oct Nov Dec
2017: Jan Feb Mar Apr May Jun Jul Aug Sep Oct Nov Dec
2016: Jan Feb Mar Apr May Jun Jul Aug Sep Oct Nov Dec
2015: Jan Feb Mar Apr May Jun Jul Aug Sep Oct Nov Dec
2014: Jan Feb Mar Apr May Jun Jul Aug Sep Oct Nov Dec
2013: Jan Feb Mar Apr May Jun Jul Aug Sep Oct Nov Dec
2012: Jan Feb Mar Apr May Jun Jul Aug Sep Oct Nov Dec
2011: Jan Feb Mar Apr May Jun Jul Aug Sep Oct Nov Dec
2010: Jan Feb Mar Apr May Jun Jul Aug Sep Oct Nov Dec

Report for 2022 October
                   MONTHLY CLIMATOLOGICAL SUMMARY for OCT. 2022

NAME: cvweather_new   CITY: Mechanicsburg   STATE: PA 
ELEV:   439 ft  LAT:  40° 13' 22" N  LONG:  77° 00' 51" W

                   TEMPERATURE (°F), RAIN  (in), WIND SPEED (mph)

                                      HEAT  COOL        AVG
    MEAN                              DEG   DEG         WIND                 DOM
DAY TEMP  HIGH   TIME   LOW    TIME   DAYS  DAYS  RAIN  SPEED HIGH   TIME    DIR
------------------------------------------------------------------------------------
 1  54.7  58.1   5:35p  50.3   7:50a  10.3   0.0  0.93   2.6  14.0   3:20a   NNE
 2  54.3  56.7  12:05a  52.6  12:00m  10.7   0.0  0.50   2.4  13.0   5:50p   NNE
 3  51.0  53.4  12:05p  48.8   7:50a  14.0   0.0  0.02   1.8  12.0  12:30p   NNW
 4  48.5  51.0  11:25p  47.2   6:05a  16.5   0.0  0.37   3.1  19.0   2:00p   NNW
 5  55.6  64.0   5:10p  50.1   2:20a   9.4   0.0  0.02   2.8  16.0  12:50a   NNW
 6  60.4  75.9   3:10p  45.3   7:05a   7.1   2.5  0.00   1.0   8.0   9:50a   WSW
 7  60.3  74.0   1:55p  48.9   7:30a   6.3   1.6  0.00   2.5  18.0   5:10p    NW
 8  49.1  56.6   4:50p  39.9  11:15p  15.9   0.0  0.00   2.7  16.0   1:55p    NW
 9  49.0  64.3   5:00p  35.9   7:05a  15.9   0.0  0.00   1.2  16.0   2:10p     W
10  52.7  68.9   3:35p  38.5   5:35a  12.8   0.5  0.00   0.9  13.0   2:55p   WSW
11  56.2  73.1   3:50p  42.3   7:15a  10.3   1.5  0.00   0.7   9.0   4:15p   SSE
12  57.5  70.0   3:50p  43.4   7:20a   8.1   0.7  0.00   1.8  16.0   4:35p   SSE
13  61.5  68.9   3:30p  53.1  12:00m   3.7   0.2  0.55   2.3  20.0   3:55p   SSE
14  54.6  67.1   3:00p  45.1   6:00a  10.5   0.1  0.02   0.7  10.0   1:00p   SSE
15  56.7  73.1   3:20p  43.0   6:10a   9.7   1.5  0.00   1.5  17.0   1:00p   SSE
16  55.4  70.2   4:00p  43.8   4:35a  10.0   0.4  0.00   0.6   9.0  12:10p    SW
17  53.4  63.2   2:05p  44.7   5:45a  11.6   0.0  0.00   1.9  17.0  12:55p     W
18  45.0  51.2   1:40p  36.0   7:35a  20.0   0.0  0.00   2.3  16.0  12:20a   WSW
19  44.7  51.7   3:55p  36.2   2:00a  20.3   0.0  0.00   1.6  18.0   5:10p   SSE
20  46.8  59.3   3:05p  34.2   7:00a  18.2   0.0  0.00   1.3  18.0  12:25p   SSE
21  48.2  63.9   3:55p  31.3   7:05a  16.7   0.0  0.00   0.8  10.0   4:10p   SSE
22  51.6  68.6   4:15p  34.1   7:45a  13.9   0.5  0.00   0.9  11.0   2:55p    SE
23  51.0  63.8   2:50p  36.1   6:45a  14.0   0.0  0.07   0.6   8.0   2:55p   NNW
24  57.7  61.7   3:35p  53.9   1:30a   7.3   0.0  0.17   1.2   9.0   4:10p   NNW
25  60.2  63.5   1:15p  57.6   5:05a   4.8   0.0  0.07   0.8   9.0   8:25p   SSE
26  59.4  64.1   4:30p  56.4   8:10a   5.6   0.0  0.00   1.2  15.0   9:50p   SSE
27  55.6  60.9   3:50p  47.9  12:00m   9.4   0.0  0.00   4.5  19.0   4:50a   NNW
28  46.6  57.2   3:15p  34.9   7:10a  18.4   0.0  0.00   1.0  11.0   1:40p   ESE
29  44.6  60.2   3:25p  30.8   7:50a  20.4   0.0  0.00   0.6   8.0   1:55p    SE
30  45.0  60.0   3:40p  28.5   7:10a  19.7   0.0  0.00   0.9  11.0  12:40p   SSE
31  51.5  58.5   3:55p  43.9   1:15a  13.5   0.0  0.24   0.8  10.0  11:45a   ESE
-------------------------------------------------------------------------------------
    52.9  75.9     6    28.5    30   385.0   9.5  2.96   1.6  20.0    13     SSE

Max >=  90.0:  0
Max <=  32.0:  0
Min <=  32.0:  3
Min <=   0.0:  0
Max Rain: 0.93 ON 10/01/22
Days of Rain: 11 (>.01 in) 6 (>.1 in) 0 (>1 in)
Heat Base:  65.0  Cool Base:  65.0  Method: Integration