NOAA-Style Climate Reports


Report for 2024 June



                            MONTHLY CLIMATOLOGICAL SUMMARY for JUN. 2024

NAME: Cumberland Valley Weather   CITY: Mechanicsburg STATE: PA
ELEV: 439 LAT: 040:13:22 LONG: 0077:00:51

                            TEMPERATURE ( °F), RAIN (in.), WIND SPEED (mph)

                                               HEAT     COOL           AVG
      MEAN                                     DEG      DEG            WIND                       DOM
DAY   TEMP    HIGH   TIME     LOW    TIME      DAYS     DAYS    RAIN   SPEED    HIGH    TIME      DIR
--------------------------------------------------------------------------------------------------------
01    68.4   083.6   17:04    49.0   05:49     00.0     03.4   00.00   00.9     10.3    12:13      W 
02    68.3   079.2   16:45    56.5   05:50     00.0     03.4   00.00   00.6     08.1    16:42     SSE
03    74.0   083.2   17:52    65.5   05:20     00.0     09.0   00.00   01.4     09.2    13:35      NW
04    76.7   085.9   15:49    60.9   05:09     00.0     11.7   00.00   02.4     16.1    15:09      SE
05    71.6   077.9   16:13    68.1   21:20     00.0     06.7   00.88   02.9     14.9    18:42      SE
06    76.0   088.0   17:05    68.3   06:09     00.0     11.1   00.05   01.8     17.3    15:34      W 
07    73.0   080.5   14:14    65.6   06:35     00.0     08.0   00.00   02.9     21.9    14:56     WNW
08    70.6   080.6   18:36    59.3   05:32     00.0     05.6   00.00   02.6     16.1    14:08     WNW
09    68.8   077.1   16:38    60.6   03:31     00.0     03.9   00.00   02.7     19.6    13:58     WNW
10    66.0   074.7   16:22    55.4   06:26     00.0     01.0   00.00   03.3     19.6    08:47     WNW
11    61.6   068.2   16:22    55.8   00:00     03.3     00.0   00.00   01.6     09.2    12:00     WNW
12    66.6   081.2   18:39    49.3   06:03     00.0     01.7   00.00   00.9     10.3    12:27     WSW
13    74.5   089.0   16:30    55.8   05:52     00.0     09.6   00.00   01.2     10.3    22:56      S 
14    74.5   085.9   14:08    66.6   06:32     00.0     09.6   00.02   01.2     14.9    16:38      NW
15    71.7   081.2   17:17    62.7   05:17     00.0     06.7   00.01   02.2     12.7    14:25     NNW
--------------------------------------------------------------------------------------------------------
70.8 (70.5)   89.0  day 13     49.0  day 01   003.3    091.4   00.96   01.9     21.9   day 10      W 
Max >  86: 2
Min <  86: 15
Max Rain: 0.88 ON 5-06-24
Days of Rain: 4 (> .008in) 1 (> .08in) 1 (> 0.8in)