NOAA-Style Climate Reports


Report for 2024 February



                            MONTHLY CLIMATOLOGICAL SUMMARY for FEB. 2024

NAME: Cumberland Valley Weather   CITY: Mechanicsburg STATE: PA
ELEV: 439 LAT: 040:13:22 LONG: 0077:00:51

                            TEMPERATURE ( °F), RAIN (in.), WIND SPEED (mph)

                                               HEAT     COOL           AVG
      MEAN                                     DEG      DEG            WIND                       DOM
DAY   TEMP    HIGH   TIME     LOW    TIME      DAYS     DAYS    RAIN   SPEED    HIGH    TIME      DIR
--------------------------------------------------------------------------------------------------------
01    41.9   050.8   14:42    32.5   00:13     23.0     00.0   00.01   00.4     11.5    14:07      SW
02    41.7   045.6   15:36    37.5   00:00     23.2     00.0   00.07   03.7     20.7    13:47      N 
03    39.3   046.2   16:02    31.3   00:00     25.7     00.0   00.00   02.4     14.9    01:08      N 
04    38.5   051.4   15:47    28.6   07:36     26.4     00.0   00.00   00.4     10.3    14:44      W 
05    34.6   041.2   13:15    27.5   05:12     30.4     00.0   00.00   01.7     13.8    14:58     NNW
06    33.4   041.6   15:47    27.5   00:00     31.6     00.0   00.00   00.9     10.3    13:36     NNW
07    35.2   049.8   16:28    22.0   06:52     29.7     00.0   00.00   00.1     05.8    14:22      SW
08    40.9   052.8   16:38    27.9   03:28     24.0     00.0   00.00   00.5     11.5    14:10     SSE
09    46.8   058.7   15:32    37.2   06:58     18.1     00.0   00.00   00.3     09.2    10:47      E 
10    48.2   060.0   16:41    37.4   05:21     16.7     00.0   00.00   00.0     06.9    22:22     WNW
11    47.1   055.5   01:50    41.6   00:00     17.9     00.0   00.00   00.4     10.3    04:32     NNW
12    42.0   049.6   14:52    32.2   07:08     22.9     00.0   00.15   00.4     14.9    23:28      NE
13    37.1   042.4   16:17    32.1   07:33     27.8     00.0   01.25   03.7     25.3    16:09     WNW
14    34.0   037.5   15:52    29.6   00:00     30.9     00.0   00.00   06.5     26.4    03:30     WNW
15    33.0   044.2   23:15    19.8   07:21     31.9     00.0   00.01   01.7     19.6    22:44     SSW
16    38.0   043.7   15:33    31.6   00:00     27.0     00.0   00.01   06.5     42.5    04:01     WNW
17    30.0   033.5   13:36    23.8   00:00     35.0     00.0   00.05   03.8     26.4    14:48     WNW
18    31.7   044.9   16:22    19.5   05:48     33.3     00.0   00.00   03.0     21.9    11:42     WSW
19    35.2   043.6   15:58    27.2   00:00     29.7     00.0   00.00   01.8     17.3    09:53     WNW
20    33.1   045.1   15:26    23.6   07:17     31.8     00.0   00.00   00.9     12.7    12:08      E 
21    35.2   045.0   15:27    25.2   07:12     29.7     00.0   00.00   01.2     11.5    12:07     ESE
--------------------------------------------------------------------------------------------------------
37.9 (38.1)   60.0  day 10     19.5  day 18   566.8    000.0   01.55   01.9     42.6   day 16      NW
Min <  86: 21
Min <  23: 3
Max Rain: 1.25 ON 13-02-24
Days of Rain: 7 (> .008in) 2 (> .08in) 1 (> 0.8in)