NOAA-Style Climate Reports

WeatherLink Software Version 6.0.3
Discontinued 1/31/2017
Select a Year or Month report
2023: Jan Feb Mar Apr May Jun Jul Aug Sep Oct Nov Dec
2022: Jan Feb Mar Apr May Jun Jul Aug Sep Oct Nov Dec
2021: Jan Feb Mar Apr May Jun Jul Aug Sep Oct Nov Dec
2020: Jan Feb Mar Apr May Jun Jul Aug Sep Oct Nov Dec
2019: Jan Feb Mar Apr May Jun Jul Aug Sep Oct Nov Dec
2018: Jan Feb Mar Apr May Jun Jul Aug Sep Oct Nov Dec
2017: Jan Feb Mar Apr May Jun Jul Aug Sep Oct Nov Dec
2016: Jan Feb Mar Apr May Jun Jul Aug Sep Oct Nov Dec
2015: Jan Feb Mar Apr May Jun Jul Aug Sep Oct Nov Dec
2014: Jan Feb Mar Apr May Jun Jul Aug Sep Oct Nov Dec
2013: Jan Feb Mar Apr May Jun Jul Aug Sep Oct Nov Dec
2012: Jan Feb Mar Apr May Jun Jul Aug Sep Oct Nov Dec
2011: Jan Feb Mar Apr May Jun Jul Aug Sep Oct Nov Dec
2010: Jan Feb Mar Apr May Jun Jul Aug Sep Oct Nov Dec

Report for 2022
                            ANNUAL CLIMATOLOGICAL SUMMARY

NAME: cvweather_new  CITY: Mechanicsburg   STATE: PA  
ELEV:   439 ft  LAT:  40° 13' 22" N  LONG:  77° 00' 51" W

               TEMPERATURE (°F), HEAT BASE 65.0, COOL BASE 65.0
                          DEP.  HEAT  COOL                                          
        MEAN  MEAN        FROM  DEG   DEG                        MAX  MAX  MIN  MIN 
 YR MO  MAX   MIN   MEAN  NORM  DAYS  DAYS  HI  DATE  LOW  DATE  >=90 <=32 <=32 <=0 
------------------------------------------------------------------------------------
 22  1  34.3  19.8  27.4   0.0  1157     0  60.0   2   4.7   22    0    9   29    0
 22  2  45.7  24.9  35.0   0.0   837     0  66.5  23  13.6   15    0    2   23    0
 22  3  54.7  34.0  44.4   0.0   644     9  75.3  19  17.3    4    0    1   13    0
 22  4  60.8  41.7  51.2   0.0   431    18  80.2  14  30.4   11    0    0    2    0
 22  5  75.3  55.2  64.8   0.0   127   122  94.0  31  39.1    9    4    0    0    0
 22  6  82.1  61.5  71.7   0.0    26   227  93.0   1  50.6   20    3    0    0    0
 22  7  87.6  67.6  77.0   0.0     2   375  96.3  22  57.7    4   11    0    0    0
 22  8  87.5  66.4  76.0   0.0     8   348  95.1   8  54.0   13   10    0    0    0
 22  9  76.5  57.8  66.7   0.0    87   137  90.7   4  42.7   30    1    0    0    0
 22 10  63.0  43.1  52.9   0.0   385     9  75.9   6  28.5   30    0    0    3    0
 22 11  56.1  37.5  46.8   0.0   563    17  76.9   5  17.2   21    0    0   11    0
 22 12  41.7  26.4  34.1   0.0   957     0  56.2   3   2.1   24    0    3   22    0
------------------------------------------------------------------------------------
        63.9  44.8  54.1   0.0  5225  1262  96.3 JUL   2.1  DEC   29   15  103    0

                                PRECIPITATION (in)

               DEP.   MAX        DAYS OF RAIN 
               FROM   OBS.          OVER
 YR MO  TOTAL  NORM   DAY  DATE .01   .1   1
---------------------------------------------
 22  1  1.70   0.00  0.74   17    9    3    0
 22  2  2.64   0.00  1.16    3    6    5    1
 22  3  2.55   0.00  0.89   31   11    5    0
 22  4  2.75   0.00  0.78    7   10    6    0
 22  5  5.74   0.00  1.90    6   13   10    2
 22  6  3.74   0.00  1.18   26   14    6    1
 22  7  2.32   0.00  0.68   31   11    7    0
 22  8  2.67   0.00  0.92   30    9    6    0
 22  9  3.60   0.00  1.66    6    6    5    1
 22 10  2.96   0.00  0.93    1   11    6    0
 22 11  2.28   0.00  0.81   11    9    6    0
 22 12  3.42   0.00  1.43   22    9    8    1
---------------------------------------------
       36.37  0.00  1.90  MAY  118   73    6

                                WIND SPEED (mph)
                          DOM
 YR MO   AVG.  HI   DATE  DIR
---------------------------------
 22  1   3.4  42.0   17   WNW
 22  2   3.5  44.0   19    NW
 22  3   4.1  39.0    7    NW
 22  4   3.8  30.0    1    NW
 22  5   2.6  32.0   22   ESE
 22  6   2.4  27.0   18   SSE
 22  7   1.4  18.0   13   SSE
 22  8   1.6  44.0    4   SSE
 22  9   1.7  29.0   22   SSE
 22 10   1.6  20.0   13   SSE
 22 11   2.6  32.0   30   SSE
 22 12   2.3  35.0    1   WSW
---------------------------------
         2.6  44.0  FEB  SSE